{"id":6930,"date":"2023-10-09T08:53:31","date_gmt":"2023-10-09T08:53:31","guid":{"rendered":"https:\/\/ispot.ma\/?post_type=product&#038;p=6930"},"modified":"2025-09-22T22:38:09","modified_gmt":"2025-09-22T22:38:09","slug":"ipad-10th-10-9","status":"publish","type":"product","link":"https:\/\/ispot.ma\/?product=ipad-10th-10-9","title":{"rendered":"iPad"},"content":{"rendered":"\t\t<div data-elementor-type=\"wp-post\" data-elementor-id=\"6930\" class=\"elementor elementor-6930\">\n\t\t\t\t\t\t<div class=\"elementor-inner\">\n\t\t\t\t<div class=\"elementor-section-wrap\">\n\t\t\t\t\t\t\t\t\t<section class=\"elementor-section elementor-top-section elementor-element elementor-element-3d7bc63c elementor-section-boxed elementor-section-height-default elementor-section-height-default none\" data-id=\"3d7bc63c\" data-element_type=\"section\">\n\t\t\t\t\t\t<div class=\"elementor-container elementor-column-gap-default\">\n\t\t\t\t\t\t\t<div class=\"elementor-row\">\n\t\t\t\t\t<div class=\"elementor-column elementor-col-100 elementor-top-column elementor-element elementor-element-4a7eaf8b none\" data-id=\"4a7eaf8b\" data-element_type=\"column\">\n\t\t\t<div class=\"elementor-column-wrap elementor-element-populated\">\n\t\t\t\t\t\t\t<div class=\"elementor-widget-wrap\">\n\t\t\t\t\t\t<div class=\"elementor-element elementor-element-10878f90 none elementor-widget elementor-widget-text-editor\" data-id=\"10878f90\" data-element_type=\"widget\" data-widget_type=\"text-editor.default\">\n\t\t\t\t<div class=\"elementor-widget-container\">\n\t\t\t\t\t\t\t\t<div class=\"elementor-text-editor elementor-clearfix\">\n\t\t\t\t<h5 class=\"typography-overview-section-headline large-12 medium-10 medium-offset-1 small-12 small-offset-0\">Un nouveau jour pour l\u2019iPad.<\/h5><p>L\u2019iPad, repens\u00e9 tout en couleur, est plus performant, plus intuitif et encore plus fun. Avec son <strong>\u00e9cran bord \u00e0 bord <\/strong>Liquid Retina de 11 pouces et quatre superbes finitions, il vous permet d\u2019en faire plus, de garder le contact et de donner libre cours \u00e0 votre cr\u00e9ati\u00advit\u00e9. Et gr\u00e2ce aux acces\u00adsoires con\u00e7us sp\u00e9cialement pour lui, les possibilit\u00e9s sont infinies.<\/p><p>Dessinez, peignez et \u00e9crivez avec l\u2019<strong>Apple\u00a0Pencil<\/strong>. Et profitez d\u2019un clavier complet et d\u2019un trackpad enti\u00e8rement cliqua\u00ad\u00adble avec le <strong>Magic\u00a0Keyboard Folio<\/strong>. Gr\u00e2ce \u00e0 son design modulaire en deux parties, vous pouvez visionner vos contenus et utiliser les raccourcis que vous connaissez d\u00e9j\u00e0, tout en b\u00e9n\u00e9ficiant d\u2019un confort de\u00a0frappe exceptionnel.<\/p><p><strong>iPadOS<\/strong> est au c\u0153ur de l\u2019exp\u00e9\u00adrience iPad. Gr\u00e2ce \u00e0\u00a0lui, tout est simple et parfaitement fluide. Vous pouvez utiliser vos apps c\u00f4te \u00e0 c\u00f4te, retoucher et partager vos photos, ou encore acc\u00e9der \u00e0\u00a0tous vos fichiers.<\/p><h5 class=\"typography-overview-section-headline large-12 medium-10 medium-offset-1 small-12 small-offset-0\">Tr\u00e8s vite fait. Tr\u00e8s\u00a0bien fait.<\/h5><p>Faites-en toujours plus sur un seul et m\u00eame appareil. <strong>Prenez des notes, collaborez et utilisez plusieurs apps <\/strong>en m\u00eame temps. Des recettes comptables aux recettes de cuisine, l\u2019iPad excelle dans tous les domaines et vous aide \u00e0 tout accomplir.<\/p><p>La <strong>puce A16<\/strong>\u00a0livre la puissance et les performances n\u00e9cessaires pour faire tout ce que vous aimez. Montez une vid\u00e9o 4K dans iMovie, planifiez un road\u2011trip en famille ou profitez de jeux aux graphismes sophistiqu\u00e9s. Avec son autonomie d\u2019une journ\u00e9e, votre iPad vous suit jusqu\u2019au bout de la nuit.<\/p><p>Modifiez une feuille de calcul, bouclez une pr\u00e9sentation et prenez des notes m\u00e9morables. Le\u00a0Magic\u00a0Keyboard Folio offre un remarquable <strong>confort de frappe<\/strong> et un <strong>trackpad<\/strong> qui permet de tout faire avec pr\u00e9cision.<\/p><h5 class=\"typography-overview-section-headline large-10 medium-10 medium-offset-1 small-10 small-offset-0\">Cr\u00e9ation sans mod\u00e9ration.<\/h5><p><strong>Cr\u00e9ez, dessinez, explorez de nouvelles id\u00e9es<\/strong> sur un support aussi puissant que polyvalent. Le superbe \u00e9cran Liquid Retina de 10,9 pouces est un v\u00e9ritable terrain de jeu pour votre cr\u00e9ativit\u00e9. Et avec l\u2019Apple Pencil, vous pouvez griffonner, prendre des notes, annoter des documents ou vous laisser porter par l\u2019inspiration.<\/p><p>Enregistrez et peaufinez vos pistes audio n\u2019importe\u00a0o\u00f9 avec les <strong>micros<\/strong> et <strong>haut\u2011parleurs st\u00e9r\u00e9o en mode paysage <\/strong>int\u00e9gr\u00e9s, de haute qualit\u00e9. Cr\u00e9ez un podcast, compo\u00adsez un morceau, r\u00e9alisez la bande-son d\u2019un film. C\u2019est s\u00fbr, vos cr\u00e9ations vont faire du bruit.<\/p><p>Capturez des images renver\u00adsantes avec l\u2019<strong>appareil photo grand-angle 12\u00a0Mpx<\/strong>. Prenez des photos et retouchez\u2011les, montez des vid\u00e9os 4K, scannez et annotez des documents. Sur iPad, tout est possible. Et facile.<\/p><h5 class=\"typography-overview-section-headline large-8 medium-offset-1 small-12 small-offset-0\">En contact. Et\u00a0en\u00a0vue.<\/h5><p>La <strong>cam\u00e9ra avant ultra grand-angle 12\u00a0Mpx horizontale<\/strong> vous cadre toujours \u00e0 la perfec\u00adtion, que ce soit pendant un appel FaceTime, une visioconf\u00e9rence ou un selfie vid\u00e9o. Et <strong>Cadre centr\u00e9<\/strong> vous maintient automa\u00adtiquement au centre de l\u2019image, m\u00eame si vous bougez.<\/p><p>T\u00e9l\u00e9chargez des fichiers, jouez en\u00a0ligne et regardez des films en\u00a0streaming avec le <strong>Wi\u2011Fi\u00a06<\/strong>. Et quand vous n\u2019avez pas acc\u00e8s au\u00a0Wi\u2011Fi, profitez de connexions ultra-rapides avec la\u00a0<strong>5G<\/strong>.<\/p><h5 class=\"typography-overview-section-headline large-7 medium-8 medium-offset-1 small-12 small-offset-0\">Un \u00e9cran qui monte tout d\u2019un\u00a0cran.<\/h5><p>Plongez dans vos s\u00e9ries, apps et jeux pr\u00e9f\u00e9r\u00e9s sur le\u00a0superbe \u00e9cran Liquid\u00a0Retina de 10,9\u00a0pouces. La\u00a0technologie <strong>True\u00a0Tone<\/strong> ajuste l\u2019image en fonction de l\u2019\u00e9clairage. Un vrai plaisir pour les yeux.<\/p><p>\u00c9tudiez une nouvelle langue avec Duolingo, suivez une MasterClass et faites passer vos cours au niveau sup\u00e9rieur en profitant <strong>d\u2019exp\u00e9riences de r\u00e9alit\u00e9 augment\u00e9e<\/strong> immersives. Avec l\u2019iPad, vous allez aimer apprendre.<\/p><p>Jouez \u00e0 des jeux aux graphismes ultra-sophistiqu\u00e9s. Pimentez la partie en invitant qui vous voulez gr\u00e2ce \u00e0 <strong>SharePlay<\/strong>. Et jumelez votre manette pr\u00e9f\u00e9r\u00e9e avec l\u2019iPad pour\u00a0mettre toutes les chances de votre c\u00f4t\u00e9.<\/p><h5 class=\"typography-overview-section-headline large-9 medium-10 medium-offset-1 small-12 small-offset-0\">Trait de g\u00e9nie. Touche de\u00a0fun.<\/h5><p>Avec les accessoires con\u00e7us sp\u00e9cialement pour iPad, tout devient possible. D\u00e9veloppez votre cr\u00e9ativit\u00e9 avec <strong>l\u2019Apple Pencil<\/strong> et le <strong>Magic\u00a0Keyboard Folio<\/strong>. Choisissez un Smart Folio color\u00e9 pour prot\u00e9\u00adger l\u2019avant et l\u2019arri\u00e8re de votre appareil. Et connectez-vous \u00e0 des disques durs, des docks ou encore des appareils photo gr\u00e2ce au port USB-C. Votre iPad n\u2019a pas fini de vous \u00e9tonner.<\/p><p><strong>L\u2019Apple Pencil<\/strong> est l\u2019outil id\u00e9al pour prendre des notes, tenir un journal et r\u00e9aliser toutes sortes de dessins et d\u2019illustrations. Avec\u00a0une faible latence et\u00a0une pr\u00e9cision au pixel pr\u00e8s, il se manie aussi facilement qu\u2019un crayon, mais en fait infiniment plus.<\/p><p>Avec le <strong>Magic\u00a0Keyboard Folio<\/strong>, profitez d\u2019un clavier complet et\u00a0d\u2019un trackpad pour effectuer des t\u00e2ches de pr\u00e9cision, comme modifier une feuille de calcul. Sa rang\u00e9e de 14\u00a0touches de fonction vous permet de r\u00e9gler le volume ou de retrouver facilement un fichier. Son design modulaire en deux parties se compose d\u2019un clavier amovible et d\u2019une protection arri\u00e8re dot\u00e9e d\u2019un support r\u00e9glable pour trouver le\u00a0meilleur angle de vision. Et il se\u00a0fixe \u00e0 l\u2019iPad par connexion magn\u00e9tique, tout simplement.<\/p><h5 class=\"typography-overview-section-headline large-10 medium-offset-1 small-12 small-offset-0\">Des apps fabuleuses ? App-solument.<\/h5><p>L\u2019iPad int\u00e8gre de puissantes apps, comme Photos, Plans, Messages, Mail et Safari. Et\u00a0<strong>plus d\u2019un\u00a0million d\u2019apps pour iPad vous attendent sur l\u2019App\u00a0Store<\/strong>. G\u00e9rez un projet avec Trello, profitez d\u2019un espace de collaboration sans limite avec Freeform ou r\u00e9digez une disser\u00adtation avec Microsoft Word. Quels que soient vos besoins, vous trouverez forc\u00e9ment l\u2019app qu\u2019il\u00a0vous faut.<\/p>\t\t\t\t\t<\/div>\n\t\t\t\t\t\t<\/div>\n\t\t\t\t<\/div>\n\t\t\t\t\t\t<\/div>\n\t\t\t\t\t<\/div>\n\t\t<\/div>\n\t\t\t\t\t\t\t\t<\/div>\n\t\t\t\t\t<\/div>\n\t\t<\/section>\n\t\t\t\t\t\t\t\t\t<\/div>\n\t\t\t<\/div>\n\t\t\t\t\t<\/div>\n\t\t","protected":false},"excerpt":{"rendered":"<p style=\"text-align: left;\">L&rsquo;iPad se r\u00e9invente tout en couleur pour \u00eatre plus polyvalent que jamais. Avec son nouvel \u00e9cran bord \u00e0 bord Liquid Retina de 11 pouces et quatre superbes finitions, il vous permet d&rsquo;en faire plus, de garder le contact et de donner libre cours \u00e0 votre cr\u00e9ativit\u00e9.<\/p>\n","protected":false},"featured_media":7436,"comment_status":"open","ping_status":"closed","template":"","meta":[],"product_cat":[484],"product_tag":[],"class_list":{"0":"post-6930","1":"product","2":"type-product","3":"status-publish","4":"has-post-thumbnail","6":"product_cat-ipad-ipad","8":"first","9":"instock","10":"shipping-taxable","11":"purchasable","12":"product-type-variable","13":"has-default-attributes"},"_links":{"self":[{"href":"https:\/\/ispot.ma\/index.php?rest_route=\/wp\/v2\/product\/6930","targetHints":{"allow":["GET"]}}],"collection":[{"href":"https:\/\/ispot.ma\/index.php?rest_route=\/wp\/v2\/product"}],"about":[{"href":"https:\/\/ispot.ma\/index.php?rest_route=\/wp\/v2\/types\/product"}],"replies":[{"embeddable":true,"href":"https:\/\/ispot.ma\/index.php?rest_route=%2Fwp%2Fv2%2Fcomments&post=6930"}],"version-history":[{"count":10,"href":"https:\/\/ispot.ma\/index.php?rest_route=\/wp\/v2\/product\/6930\/revisions"}],"predecessor-version":[{"id":8965,"href":"https:\/\/ispot.ma\/index.php?rest_route=\/wp\/v2\/product\/6930\/revisions\/8965"}],"wp:featuredmedia":[{"embeddable":true,"href":"https:\/\/ispot.ma\/index.php?rest_route=\/wp\/v2\/media\/7436"}],"wp:attachment":[{"href":"https:\/\/ispot.ma\/index.php?rest_route=%2Fwp%2Fv2%2Fmedia&parent=6930"}],"wp:term":[{"taxonomy":"product_cat","embeddable":true,"href":"https:\/\/ispot.ma\/index.php?rest_route=%2Fwp%2Fv2%2Fproduct_cat&post=6930"},{"taxonomy":"product_tag","embeddable":true,"href":"https:\/\/ispot.ma\/index.php?rest_route=%2Fwp%2Fv2%2Fproduct_tag&post=6930"}],"curies":[{"name":"wp","href":"https:\/\/api.w.org\/{rel}","templated":true}]}}