{"id":7737,"date":"2024-12-14T17:08:05","date_gmt":"2024-12-14T17:08:05","guid":{"rendered":"https:\/\/ispot.ma\/?post_type=product&#038;p=7737"},"modified":"2025-12-04T17:51:49","modified_gmt":"2025-12-04T17:51:49","slug":"apple-watch-se-gps","status":"publish","type":"product","link":"https:\/\/ispot.ma\/?product=apple-watch-se-gps","title":{"rendered":"Apple Watch SE GPS"},"content":{"rendered":"\t\t<div data-elementor-type=\"wp-post\" data-elementor-id=\"7737\" class=\"elementor elementor-7737\">\n\t\t\t\t\t\t<div class=\"elementor-inner\">\n\t\t\t\t<div class=\"elementor-section-wrap\">\n\t\t\t\t\t\t\t\t\t<section class=\"elementor-section elementor-top-section elementor-element elementor-element-52679992 elementor-section-boxed elementor-section-height-default elementor-section-height-default none\" data-id=\"52679992\" data-element_type=\"section\">\n\t\t\t\t\t\t<div class=\"elementor-container elementor-column-gap-default\">\n\t\t\t\t\t\t\t<div class=\"elementor-row\">\n\t\t\t\t\t<div class=\"elementor-column elementor-col-100 elementor-top-column elementor-element elementor-element-4ca4b0c4 none\" data-id=\"4ca4b0c4\" data-element_type=\"column\">\n\t\t\t<div class=\"elementor-column-wrap elementor-element-populated\">\n\t\t\t\t\t\t\t<div class=\"elementor-widget-wrap\">\n\t\t\t\t\t\t<div class=\"elementor-element elementor-element-108ac0c none elementor-widget elementor-widget-text-editor\" data-id=\"108ac0c\" data-element_type=\"widget\" data-widget_type=\"text-editor.default\">\n\t\t\t\t<div class=\"elementor-widget-container\">\n\t\t\t\t\t\t\t\t<div class=\"elementor-text-editor elementor-clearfix\">\n\t\t\t\t<h5 class=\"hero-headline typography-hero-headline anim-text-animate animated-copy-element\">Une affaire de\u00a0c\u0153ur.<\/h5><p class=\"hero-copy typography-hero-copy anim-text-animate large-8 medium-10 small-12 animated-copy-element\">Des moyens simples de\u00a0garder le contact, des\u00a0donn\u00e9es d\u2019entra\u00eenement motivantes, des fonction\u00adnalit\u00e9s de sant\u00e9 et\u00a0de s\u00e9curit\u00e9 innovantes, et\u00a0de nouveaux coloris de bracelets. L\u2019Apple\u00a0Watch\u00a0SE propose de nombreuses fonctionnalit\u00e9s \u00e0\u00a0un prix abordable.<\/p><h5 class=\"tile-overlay-headline typography-tile-headline-overlay\">Toujours en\u00a0mouvement. Et\u00a0au\u00a0courant.<\/h5><p class=\"tile-overlay-copy typography-tile-copy\">Prenez un appel pendant que vous courez. R\u00e9pondez rapidement \u00e0\u00a0un message en r\u00e9union. \u00c9coutez de la musique o\u00f9 que vous soyez. Ou utilisez Apple\u00a0Pay et Siri depuis votre poignet. Souscrivez un forfait mobile pour garder le contact m\u00eame sans votre t\u00e9l\u00e9phone.<\/p><ul><li class=\"tile-eyebrow typography-tile-eyebrow\"><strong>Sommeil :<\/strong> Des donn\u00e9es quand vous dormez.<\/li><li><div class=\"tile-eyebrow typography-tile-eyebrow\"><strong>Fr\u00e9quence cardiaque :<\/strong> Votre sant\u00e9 cardiaque toujours \u00e0 c\u0153ur.<\/div><\/li><li><div class=\"tile-eyebrow typography-tile-eyebrow\"><strong>Apple Watch pour vos enfants :<\/strong> Ind\u00e9pendance pour les enfants. Tranquillit\u00e9 d\u2019esprit pour les parents.<\/div><\/li><li><div class=\"tile-eyebrow typography-tile-eyebrow\"><strong>Forme :<\/strong> Votre meilleure partenaire de sport.<\/div><\/li><li><div class=\"tile-eyebrow typography-tile-eyebrow\"><strong>R\u00e9sistance \u00e0 l\u2019eau :<\/strong> Tic-tac aquatique.<\/div><\/li><li><div class=\"tile-eyebrow typography-tile-eyebrow\"><strong>Activit\u00e9 :<\/strong> Plus d\u2019action. Plus de motivation.<\/div><\/li><li><div class=\"tile-eyebrow typography-tile-eyebrow\"><strong>Cadrans + Bracelets :<\/strong> Toutes les couleurs de la bonne humeur.<\/div><\/li><li><div class=\"tile-eyebrow typography-tile-eyebrow\"><strong>S\u00e9curit\u00e9 :<\/strong> De l\u2019aide toujours \u00e0 port\u00e9e de main.<\/div><\/li><li><div class=\"tile-eyebrow typography-tile-eyebrow\"><strong>Neutralit\u00e9 carbone :<\/strong> Un <span class=\"underlined-text\">grand pas<\/span> pour une plus petite empreinte.<\/div><\/li><\/ul>\t\t\t\t\t<\/div>\n\t\t\t\t\t\t<\/div>\n\t\t\t\t<\/div>\n\t\t\t\t\t\t<\/div>\n\t\t\t\t\t<\/div>\n\t\t<\/div>\n\t\t\t\t\t\t\t\t<\/div>\n\t\t\t\t\t<\/div>\n\t\t<\/section>\n\t\t\t\t\t\t\t\t\t<\/div>\n\t\t\t<\/div>\n\t\t\t\t\t<\/div>\n\t\t","protected":false},"excerpt":{"rendered":"<p>Des moyens simples de\u00a0garder le contact, des\u00a0donn\u00e9es d\u2019entra\u00eenement motivantes, des fonction\u00adnalit\u00e9s de sant\u00e9 et\u00a0de s\u00e9curit\u00e9 innovantes, et\u00a0de nouveaux coloris de bracelets. L\u2019Apple\u00a0Watch\u00a0SE propose de nombreuses fonctionnalit\u00e9s \u00e0\u00a0un prix abordable.<\/p>\n<p>&nbsp;<\/p>\n","protected":false},"featured_media":7768,"comment_status":"open","ping_status":"closed","template":"","meta":[],"product_cat":[527,451],"product_tag":[507,197,505,506],"class_list":{"0":"post-7737","1":"product","2":"type-product","3":"status-publish","4":"has-post-thumbnail","6":"product_cat-apple-watch-se","7":"product_cat-watch","8":"product_tag-apple","9":"product_tag-iphone","10":"product_tag-iphone-15","11":"product_tag-iphone-15-pro","13":"first","14":"instock","15":"shipping-taxable","16":"purchasable","17":"product-type-variable"},"_links":{"self":[{"href":"https:\/\/ispot.ma\/index.php?rest_route=\/wp\/v2\/product\/7737","targetHints":{"allow":["GET"]}}],"collection":[{"href":"https:\/\/ispot.ma\/index.php?rest_route=\/wp\/v2\/product"}],"about":[{"href":"https:\/\/ispot.ma\/index.php?rest_route=\/wp\/v2\/types\/product"}],"replies":[{"embeddable":true,"href":"https:\/\/ispot.ma\/index.php?rest_route=%2Fwp%2Fv2%2Fcomments&post=7737"}],"version-history":[{"count":8,"href":"https:\/\/ispot.ma\/index.php?rest_route=\/wp\/v2\/product\/7737\/revisions"}],"predecessor-version":[{"id":8940,"href":"https:\/\/ispot.ma\/index.php?rest_route=\/wp\/v2\/product\/7737\/revisions\/8940"}],"wp:featuredmedia":[{"embeddable":true,"href":"https:\/\/ispot.ma\/index.php?rest_route=\/wp\/v2\/media\/7768"}],"wp:attachment":[{"href":"https:\/\/ispot.ma\/index.php?rest_route=%2Fwp%2Fv2%2Fmedia&parent=7737"}],"wp:term":[{"taxonomy":"product_cat","embeddable":true,"href":"https:\/\/ispot.ma\/index.php?rest_route=%2Fwp%2Fv2%2Fproduct_cat&post=7737"},{"taxonomy":"product_tag","embeddable":true,"href":"https:\/\/ispot.ma\/index.php?rest_route=%2Fwp%2Fv2%2Fproduct_tag&post=7737"}],"curies":[{"name":"wp","href":"https:\/\/api.w.org\/{rel}","templated":true}]}}