{"id":7825,"date":"2024-12-17T17:04:04","date_gmt":"2024-12-17T17:04:04","guid":{"rendered":"https:\/\/ispot.ma\/?post_type=product&#038;p=7825"},"modified":"2025-06-21T03:27:47","modified_gmt":"2025-06-21T03:27:47","slug":"macbook-pro-16-m4","status":"publish","type":"product","link":"https:\/\/ispot.ma\/?product=macbook-pro-16-m4","title":{"rendered":"MacBook Pro 16&Prime;"},"content":{"rendered":"<h3 class=\"subsection-headline typography-site-headline-elevated large-offset-1 medium-offset-0 \">Points forts.<\/h3>\n<p><strong>Con\u00e7u pour Apple Intelligence.<\/strong> \u00a0Personnel, priv\u00e9, puissant.<br \/>\n<strong>M4, M4 Pro et M4 Max.<\/strong> Pr\u00eates \u00e0\u00a0tout, m\u00eame\u00a0l\u2019impossible.<br \/>\n<strong>Une autonomie record sur Mac.<\/strong> Jusqu\u2019\u00e0 24\u00a0heures.<br \/>\n<strong>\u00c9cran Liquid Retina XDR.<\/strong> \u00a0R\u00e9solument lumineux.<br \/>\n<strong>Cam\u00e9ra 12MP Center Stage.<\/strong> \u00a0Restez au centre de\u00a0l\u2019attention.<\/p>\n<h3 class=\"subsection-headline typography-site-headline-elevated large-offset-1 large-10 medium-12 medium-offset-0 \">Performance. Pro en puissance.<\/h3>\n<p class=\"subsection-headline typography-site-headline-elevated large-offset-1 medium-offset-0 \">Le MacBook\u00a0Pro <strong>est dot\u00e9 de la gamme de puces la plus avanc\u00e9e jamais cr\u00e9\u00e9e pour un ordina\u00adteur portable pro.<\/strong> CPU monothread et multithread aux perfor\u00admances ph\u00e9nom\u00e9nales, m\u00e9moire unifi\u00e9e plus\u00a0rapide, acc\u00e9l\u00e9rateurs d\u2019apprentissage automatique am\u00e9lior\u00e9s\u00a0\u2013 les\u00a0puces M4 vous offrent des vitesses et des capacit\u00e9s que vous n\u2019auriez jamais crues possibles. Et gr\u00e2ce \u00e0 la puissance du Neural\u00a0Engine, les t\u00e2ches d\u2019IA comme l\u2019upscaling d\u2019images et la\u00a0g\u00e9n\u00e9\u00adration de sous-titres s\u2019accomplissent en un \u00e9clair.<br \/>\nLe MacBook Pro avec M4 est jusqu\u2019\u00e0 <strong>3,4x plus rapide <\/strong>que le mod\u00e8le avec M1.<br \/>\nLe MacBook Pro avec M4\u00a0Pro est jusqu\u2019\u00e0 <strong>3x plus rapide <\/strong>que le mod\u00e8le avec M1\u00a0Pro.<br \/>\nLe MacBook Pro avec M4\u00a0Max est jusqu\u2019\u00e0 <strong>3,5x plus rapide <\/strong>que le mod\u00e8le avec M1 Max.<\/p>\n<h3 class=\"subsection-headline typography-site-headline-elevated large-offset-1 large-10 medium-12 medium-offset-0\">Performances graphiques exceptionnelles. Sortez\u00a0les\u00a0grands jeux.<\/h3>\n<p>Ex\u00e9cutez les t\u00e2ches visuellement complexes avec une r\u00e9activit\u00e9 \u00e0\u00a0la\u00a0hauteur de votre imagination. Les puces\u00a0M4 sont pourvues d\u2019un GPU avec un moteur de ray tracing \u00e0 acc\u00e9l\u00e9ration mat\u00e9rielle de deuxi\u00e8me g\u00e9n\u00e9ration qui assure un rendu d\u2019images encore plus rapide, pour <span class=\"highlight\"><strong>des jeux plus immersifs et plus r\u00e9alistes que jamais<\/strong>.<\/span> Et la fonctionnalit\u00e9 Dynamic\u00a0Caching optimise la m\u00e9moire rapide sur puce pour augmenter de fa\u00e7on spectaculaire l\u2019exploitation moyenne du GPU, g\u00e9n\u00e9rant un immense boost de performances pour les apps pro et les jeux les\u00a0plus\u00a0exigeants.<\/p>\n<h3 class=\"subsection-eyebrow typography-site-headline-elevated\"><span class=\"ai-gradient-text\">Con\u00e7u pour Apple Intelligence.\u00a0<\/span>G\u00e9nie \u00e0\u00a0l\u2019\u0153uvre.<\/h3>\n<p>Apple\u00a0Intelligence est le syst\u00e8me d\u2019intelligence personnelle qui vous aide <span class=\"highlight\">\u00e0 \u00e9crire, \u00e0 vous exprimer et \u00e0 en faire plus sans\u00a0effort.<\/span> Gr\u00e2ce \u00e0 des technolo\u00adgies r\u00e9volution\u00adnaires de protection de la\u00a0vie priv\u00e9e, vous\u00a0avez la garantie que personne ne\u00a0peut acc\u00e9der \u00e0 vos donn\u00e9es, pas\u00a0m\u00eame Apple.<\/p>\n<p><span class=\"typography-tabnav-link\"><strong>Outils d\u2019\u00e9criture.<\/strong> Les Outils d\u2019\u00e9criture sont capables de r\u00e9viser vos \u00e9crits, d\u2019en proposer diff\u00e9rentes versions jusqu\u2019\u00e0 l\u2019obtention du\u00a0ton et du style d\u00e9sir\u00e9s, et de r\u00e9sumer un texte s\u00e9lectionn\u00e9 \u2013 d\u2019un simple clic.<\/span><\/p>\n<p><span class=\"typography-tabnav-link\"><strong>Siri.<\/strong> Les Outils d\u2019\u00e9criture sont capables de r\u00e9viser vos \u00e9crits, d\u2019en proposer diff\u00e9rentes versions jusqu\u2019\u00e0 l\u2019obtention du\u00a0ton et du style d\u00e9sir\u00e9s, et de r\u00e9sumer un texte s\u00e9lectionn\u00e9 \u2013 d\u2019un simple clic.<\/span><\/p>\n<p><span class=\"typography-tabnav-link\"><strong>Messages prioritaires.<\/strong> Les messages urgents se placent en t\u00eate de votre bo\u00eete de r\u00e9ception, par\u00a0exemple une invitation \u00e0 une r\u00e9union dans une heure ou un rappel pour effectuer le check-in de votre vol. Et Mail vous aide \u00e0 r\u00e9sumer le contenu de vos messages en un\u00a0clin\u00a0d\u2019\u0153il.<\/span><\/p>\n<h3 class=\"subsection-headline typography-index-headline large-8 large-offset-2 medium-10 medium-offset-1 small-12 small-offset-0\">De grands pouvoirs impliquent une\u00a0<span class=\"nowrap\">grande <span class=\"ai-gradient-text\">confidentialit\u00e9.<\/span><\/span><\/h3>\n<p>Apple\u00a0Intelligence est <span class=\"highlight\">con\u00e7ue pour prot\u00e9ger votre vie priv\u00e9e \u00e0\u00a0chaque \u00e9tape.<\/span> Int\u00e9gr\u00e9e au c\u0153ur de votre Mac, elle\u00a0utilise le traite\u00adment embarqu\u00e9 pour tenir compte de vos informa\u00adtions personnelles sans jamais les collecter.<\/p>\n<p>Et gr\u00e2ce aux <span class=\"highlight\">avanc\u00e9es de Private\u00a0Cloud Compute,<\/span>Apple\u00a0Intelligence peut traiter des demandes plus complexes en exploitant des mod\u00e8les plus larges, bas\u00e9s sur serveurs et ex\u00e9cut\u00e9s sur des puces Apple, tout en prot\u00e9geant votre vie priv\u00e9e.<\/p>\n<h3 class=\"subsection-eyebrow typography-eyebrow-reduced large-offset-1 medium-offset-0\">Batterie. Par\u00e9e pour la\u00a0journ\u00e9e. Et\u00a0la\u00a0nuit.<\/h3>\n<p>Le nouveau MacBook\u00a0Pro offre <strong>une autonomie record sur Mac<\/strong>\u00a0\u2013 jusqu\u2019\u00e0 24\u00a0heures. Et il est compatible avec la charge rapide, qui permet d\u2019atteindre jusqu\u2019\u00e0 50\u00a0% de batterie en environ 30\u00a0minutes. Tous les mod\u00e8les livrent les m\u00eames performances qu\u2019ils soient branch\u00e9s ou non, pour que vous puissiez vous consacrer \u00e0 votre passion sans perdre de temps \u00e0 chercher une\u00a0prise.<br \/>\nJusqu\u2019\u00e0 <strong>24 h\u00a0<\/strong>d\u2019autonomie.<br \/>\nJusqu\u2019\u00e0 <strong>14 h de plus\u00a0<\/strong>qu\u2019un MacBook Pro \u00e0 processeur Intel.<\/p>\n<h3 class=\"subsection-eyebrow typography-eyebrow-reduced large-offset-1 medium-offset-0\">MacOS. Esprit vif.<\/h3>\n<div class=\"description-copy-color typography-site-body subsection-apps-description large-8 large-offset-1 medium-10 medium-offset-0 small-12\" data-textanim-1=\"\">\n<p><span class=\"highlight\">Des dizaines de milliers d\u2019apps sont optimis\u00e9es<\/span> pour exploiter pleinement les capacit\u00e9s de macOS, de vos apps de productivit\u00e9 pr\u00e9f\u00e9r\u00e9es \u00e0 vos jeux favoris en passant par les apps pro les plus exigeantes. Et gr\u00e2ce aux puces M4, elles d\u00e9ploient tout leur potentiel.<\/p>\n<p><strong><span class=\"typography-tabnav-link\">Programmation. <\/span><\/strong><span class=\"highlight\">De bonnes nouvelles au programme.<\/span> Ex\u00e9cutez des machines virtuelles et r\u00e9digez du code full stack. Gagnez du temps gr\u00e2ce \u00e0 l\u2019autocompl\u00e9tion pr\u00e9dictive dans Xcode. Xcode, Unity\u00a0Editor, Create\u00a0ML, TensorFlow, PyTorch, NAG Fortran Compiler, Docker, IntelliJ\u00a0IDEA, et bien plus encore.<\/p>\n<p><strong><span class=\"typography-tabnav-link\">Retouche photo. <\/span><\/strong><span class=\"highlight\">G\u00e9rez vos fichiers les plus lourds, l\u2019esprit l\u00e9ger.<\/span> \u00c9ditez et retouchez vos photos en studio ou lors de vos shootings. Adobe\u00a0Lightroom, Adobe\u00a0Photoshop, Affinity\u00a0Photo\u00a02, Capture\u00a0One, Pixelmator\u00a0Pro, Topaz\u00a0Photo\u00a0AI, Nik\u00a0Collection\u00a07, et bien plus encore.<\/p>\n<p><strong>STEM.<\/strong> <span class=\"highlight\">Votre nouveau partenaire de labo.<\/span> Ex\u00e9cutez des simulations complexes, effectuez des s\u00e9quen\u00e7ages ADN ou analysez de grands ensembles de donn\u00e9es dans toutes sortes d\u2019environnements scientifiques. MATLAB, Autodesk AutoCAD, NASA\u00a0TetrUSS, Oxford Nanopore MinKNOW, OsiriX\u00a0MD, Shapr3D, SurgicalAR, Vectorworks, Archicad, et bien plus encore.<\/p>\n<p><strong>Entreprise.<\/strong> <span class=\"highlight\">Pour le multit\u00e2che, c\u2019est une vraie machine.<\/span> Cr\u00e9ez des documents et des pr\u00e9sentations, passez des appels vid\u00e9o et collaborez dans diverses apps. Tout \u00e7a, en m\u00eame temps. Microsoft\u00a0365, Slack, Zoom, Keynote, suite Omni\u00a0Productivity, et\u00a0bien plus\u00a0encore.<\/p>\n<p><strong>Design Graphique.<\/strong> <span class=\"highlight\">Trouvez votre style.<\/span> Lancez-vous dans l\u2019illustration, la cr\u00e9ation de polices, la retouche d\u2019images, le design interactif et l\u2019animation, en toute facilit\u00e9. Adobe InDesign, Affinity Publisher\u00a02, Sketch, Linearity Curve, Adobe Illustrator, Figma, et bien plus encore.<\/p>\n<p><strong>Design et animation 3D.<\/strong> <span class=\"highlight\">Donnez vie \u00e0 votre imagination.<\/span> Enrichissez vos images 3D avec des textures \u00e9labor\u00e9es, r\u00e9alisez des animations complexes et g\u00e9n\u00e9rez des rendus de sc\u00e8nes en haute d\u00e9finition. Blender, Octane\u00a0X, Maxon Cinema\u00a04D, Maxon\u00a0Redshift, Autodesk\u00a0Maya, Adobe\u00a0Substance\u00a0Painter, Houdini, et\u00a0bien plus encore.<\/p>\n<p><strong>Production de musique.<\/strong> <span class=\"highlight\">Produisez votre album, de la premi\u00e8re \u00e0 la derni\u00e8re note.<\/span> Composez, enregistrez et mixez des milliers de pistes gr\u00e2ce aux centaines de modules en temps r\u00e9el. Logic Pro, Pro Tools, Ableton Live, Cubase, Adobe Audition, FL Studio, MainStage, et bien plus encore.<\/p>\n<p><strong>Montage vid\u00e9o.<\/strong> <span class=\"highlight\">Racontez vos plus belles histoires.<\/span> Travaillez sur vos s\u00e9quences 4K et 8K, vos animations et vos compositions vid\u00e9o avec des rendus ultra-rapides. DaVinci\u00a0Resolve\u00a0Studio, Adobe Premiere\u00a0Pro, Final\u00a0Cut\u00a0Pro, Motion, Adobe\u00a0After\u00a0Effects, Nuke, Autodesk Flame, et bien plus encore.<\/p>\n<p><strong>Jeux vid\u00e9o.<\/strong> <span class=\"highlight\">Pour les jeux, c\u2019est du s\u00e9rieux.<\/span> Plongez au c\u0153ur des jeux gr\u00e2ce aux graphismes spectaculaires, au magnifique \u00e9cran XDR et au syst\u00e8me \u00e0 six haut-parleurs avec Audio spatial. Et avec le mode Jeu, profitez d\u2019une fr\u00e9quence d\u2019images encore plus fluide. Assassin\u2019s Creed Shadows, Control Ultimate Edition, Frostpunk 2, World of Warcraft: Dragonflight, Sid Meier&rsquo;s Civilization\u00ae VII, et bien plus encore.<\/p>\n<\/div>\n","protected":false},"excerpt":{"rendered":"<h3>MacBook Pro.<\/h3>\n<p>Con\u00e7u pour Apple Intelligence.<\/p>\n","protected":false},"featured_media":7509,"comment_status":"open","ping_status":"closed","template":"","meta":[],"product_cat":[449,496],"product_tag":[],"class_list":{"0":"post-7825","1":"product","2":"type-product","3":"status-publish","4":"has-post-thumbnail","6":"product_cat-mac","7":"product_cat-macbook-pro","9":"first","10":"instock","11":"shipping-taxable","12":"purchasable","13":"product-type-variable"},"_links":{"self":[{"href":"https:\/\/ispot.ma\/index.php?rest_route=\/wp\/v2\/product\/7825","targetHints":{"allow":["GET"]}}],"collection":[{"href":"https:\/\/ispot.ma\/index.php?rest_route=\/wp\/v2\/product"}],"about":[{"href":"https:\/\/ispot.ma\/index.php?rest_route=\/wp\/v2\/types\/product"}],"replies":[{"embeddable":true,"href":"https:\/\/ispot.ma\/index.php?rest_route=%2Fwp%2Fv2%2Fcomments&post=7825"}],"version-history":[{"count":3,"href":"https:\/\/ispot.ma\/index.php?rest_route=\/wp\/v2\/product\/7825\/revisions"}],"predecessor-version":[{"id":9132,"href":"https:\/\/ispot.ma\/index.php?rest_route=\/wp\/v2\/product\/7825\/revisions\/9132"}],"wp:featuredmedia":[{"embeddable":true,"href":"https:\/\/ispot.ma\/index.php?rest_route=\/wp\/v2\/media\/7509"}],"wp:attachment":[{"href":"https:\/\/ispot.ma\/index.php?rest_route=%2Fwp%2Fv2%2Fmedia&parent=7825"}],"wp:term":[{"taxonomy":"product_cat","embeddable":true,"href":"https:\/\/ispot.ma\/index.php?rest_route=%2Fwp%2Fv2%2Fproduct_cat&post=7825"},{"taxonomy":"product_tag","embeddable":true,"href":"https:\/\/ispot.ma\/index.php?rest_route=%2Fwp%2Fv2%2Fproduct_tag&post=7825"}],"curies":[{"name":"wp","href":"https:\/\/api.w.org\/{rel}","templated":true}]}}