{"id":9013,"date":"2025-04-25T12:11:24","date_gmt":"2025-04-25T12:11:24","guid":{"rendered":"https:\/\/ispot.ma\/?post_type=product&#038;p=9013"},"modified":"2025-12-04T17:54:20","modified_gmt":"2025-12-04T17:54:20","slug":"iphone-16e","status":"publish","type":"product","link":"https:\/\/ispot.ma\/?product=iphone-16e","title":{"rendered":"iPhone 16e"},"content":{"rendered":"\t\t<div data-elementor-type=\"wp-post\" data-elementor-id=\"9013\" class=\"elementor elementor-9013\">\n\t\t\t\t\t\t<div class=\"elementor-inner\">\n\t\t\t\t<div class=\"elementor-section-wrap\">\n\t\t\t\t\t\t\t\t\t<section class=\"elementor-section elementor-top-section elementor-element elementor-element-a9959aa elementor-section-boxed elementor-section-height-default elementor-section-height-default none\" data-id=\"a9959aa\" data-element_type=\"section\">\n\t\t\t\t\t\t<div class=\"elementor-container elementor-column-gap-default\">\n\t\t\t\t\t\t\t<div class=\"elementor-row\">\n\t\t\t\t\t<div class=\"elementor-column elementor-col-100 elementor-top-column elementor-element elementor-element-20a3767f none\" data-id=\"20a3767f\" data-element_type=\"column\">\n\t\t\t<div class=\"elementor-column-wrap elementor-element-populated\">\n\t\t\t\t\t\t\t<div class=\"elementor-widget-wrap\">\n\t\t\t\t\t\t<div class=\"elementor-element elementor-element-3f3413b6 none elementor-widget elementor-widget-text-editor\" data-id=\"3f3413b6\" data-element_type=\"widget\" data-widget_type=\"text-editor.default\">\n\t\t\t\t<div class=\"elementor-widget-container\">\n\t\t\t\t\t\t\t\t<div class=\"elementor-text-editor elementor-clearfix\">\n\t\t\t\t<p>L\u2019iPhone 16e apporte une alternative aux amateurs d\u2019Apple recherchant une exp\u00e9rience premium \u00e0 un prix plus abordable. Dot\u00e9 d\u2019un \u00e9cran Super Retina XDR de 6,1 pouces et de la puce A18 optimis\u00e9e par Apple Intelligence, il garantit fluidit\u00e9 et r\u00e9activit\u00e9. Son syst\u00e8me de cam\u00e9ra Fusion de 48 Mpx avec t\u00e9l\u00e9objectif 2x capture des images d\u00e9taill\u00e9es, m\u00eame en basse lumi\u00e8re. Pour la connectivit\u00e9, Apple introduit son propre modem 5G, optimisant les performances r\u00e9seau tout en r\u00e9duisant la consommation d\u2019\u00e9nergie. Son design raffin\u00e9 d\u00e9clin\u00e9 en noir et blanc mat s\u2019accompagne de capacit\u00e9s de stockage allant de 128 Go \u00e0 512 Go. Compatible avec les AirPods pour une immersion sonore optimale et les Apple Watch pour une exp\u00e9rience connect\u00e9e fluide, il s\u2019int\u00e8gre parfaitement dans l\u2019\u00e9cosyst\u00e8me Apple. Associez-le \u00e0 un iPad pour une productivit\u00e9 renforc\u00e9e et une continuit\u00e9 d\u2019usage intuitive.<\/p>\t\t\t\t\t<\/div>\n\t\t\t\t\t\t<\/div>\n\t\t\t\t<\/div>\n\t\t\t\t\t\t<\/div>\n\t\t\t\t\t<\/div>\n\t\t<\/div>\n\t\t\t\t\t\t\t\t<\/div>\n\t\t\t\t\t<\/div>\n\t\t<\/section>\n\t\t\t\t\t\t\t\t\t<\/div>\n\t\t\t<\/div>\n\t\t\t\t\t<\/div>\n\t\t","protected":false},"excerpt":{"rendered":"<p class=\"eyebrow ps-eyebrow typography-ps-eyebrow ps-swatch-secondary\">Design r\u00e9sis\u00adtant<\/p>\n<p>\u00c0 l\u2019int\u00e9rieur comme \u00e0 l\u2019ext\u00e9rieur, l\u2019iPhone 16e se distingue par son design remar\u00adquable et par son \u00e9l\u00e9gante finition, en noir ou en blanc. Son bo\u00eetier, constitu\u00e9 d\u2019alu\u00adminium r\u00e9sis\u00adtant de qualit\u00e9 a\u00e9ro\u00adspatiale, est con\u00e7u pour tenir la distance et survivre \u00e0 tous les \u00ab Oups ! \u00bb, \u00ab Houl\u00e0 ! \u00bb ou \u00ab Oh, nooon\u2026 \u00bb.<\/p>\n","protected":false},"featured_media":9030,"comment_status":"open","ping_status":"closed","template":"","meta":[],"product_cat":[444,622],"product_tag":[507,197,614],"class_list":{"0":"post-9013","1":"product","2":"type-product","3":"status-publish","4":"has-post-thumbnail","6":"product_cat-iphone","7":"product_cat-iphone-16e-iphone","8":"product_tag-apple","9":"product_tag-iphone","10":"product_tag-iphone-16","11":"product_brand-apple","13":"first","14":"instock","15":"shipping-taxable","16":"purchasable","17":"product-type-variable","18":"has-default-attributes"},"_links":{"self":[{"href":"https:\/\/ispot.ma\/index.php?rest_route=\/wp\/v2\/product\/9013","targetHints":{"allow":["GET"]}}],"collection":[{"href":"https:\/\/ispot.ma\/index.php?rest_route=\/wp\/v2\/product"}],"about":[{"href":"https:\/\/ispot.ma\/index.php?rest_route=\/wp\/v2\/types\/product"}],"replies":[{"embeddable":true,"href":"https:\/\/ispot.ma\/index.php?rest_route=%2Fwp%2Fv2%2Fcomments&post=9013"}],"version-history":[{"count":14,"href":"https:\/\/ispot.ma\/index.php?rest_route=\/wp\/v2\/product\/9013\/revisions"}],"predecessor-version":[{"id":9050,"href":"https:\/\/ispot.ma\/index.php?rest_route=\/wp\/v2\/product\/9013\/revisions\/9050"}],"wp:featuredmedia":[{"embeddable":true,"href":"https:\/\/ispot.ma\/index.php?rest_route=\/wp\/v2\/media\/9030"}],"wp:attachment":[{"href":"https:\/\/ispot.ma\/index.php?rest_route=%2Fwp%2Fv2%2Fmedia&parent=9013"}],"wp:term":[{"taxonomy":"product_cat","embeddable":true,"href":"https:\/\/ispot.ma\/index.php?rest_route=%2Fwp%2Fv2%2Fproduct_cat&post=9013"},{"taxonomy":"product_tag","embeddable":true,"href":"https:\/\/ispot.ma\/index.php?rest_route=%2Fwp%2Fv2%2Fproduct_tag&post=9013"}],"curies":[{"name":"wp","href":"https:\/\/api.w.org\/{rel}","templated":true}]}}